, -4*g = 4*u - 316. Suppose t + 728 - 40 = 2*n, 0 = n - 5*t - 344. Calculate the greatest common divisor of n and u.
86
Suppose 8*c + 89 = -335. Let w = 67 + c. Let j(d) = d**3 - 13*d**2 - 15*d + 15. Let g be j(w). Calculate the highest common factor of 9 and g.
1
Suppose -1434 = -36*b - 1110. What is the highest common factor of b and 337?
1
Let y = 61 - 20. Let u be (-570)/(-9) - -2 - 16/(-24). Suppose u = g + 5*t, 0*t + 3*t = 3*g - 108. What is the greatest common factor of g and y?
41
Let n = 345 - 158. Suppose j + 98 = 2*r, 49*r + 3*j = 53*r - 192. What is the greatest common factor of r and n?
17
Let p = -1508 - -2084. What is the highest common factor of 2112 and p?
192
Let v(m) = -112*m + 124. Let t be v(1). Calculate the highest common factor of 2148 and t.
12
Suppose 6*f - 2*f + 1336 = 4*v, -12 = 2*f. Calculate the greatest common factor of v and 1517.
41
Suppose 2*z + 45 = -z. Let b = z - -38. Suppose -n = -43 + b. What is the greatest common divisor of n and 2?
2
Let n = -187 - -327. Let c be (-1495)/(-52) + (-81)/108. What is the greatest common divisor of n and c?
28
Let y(q) = q**3 - 37*q**2 + 340*q + 70. Let d be y(20). Calculate the highest common divisor of d and 200.
10
Let a(v) be the second derivative of 0 - 21*v + v**3 - 2*v**2 + 1/12*v**4. Let c be a(4). What is the highest common factor of c and 90?
18
Let z = 233 - 231. Let f be (-1)/z*(48/(-4) - 4). Suppose 36 = -2*o + 180. Calculate the highest common divisor of o and f.
8
Let b be (2 - 456)/(20 + (-88)/4). What is the greatest common factor of b and 7037?
227
Suppose 58675 = -72*o + 295123. Calculate the greatest common divisor of 4 and o.
4
Let n be (-1 - 1) + 8080/88 - (-32)/176. What is the greatest common factor of n and 2490?
30
Let a(p) = p**3 - 9*p**2 + 2*p - 40. Let v(h) = -12*h - 86. Let u be v(-8). Let s be a(u). What is the highest common factor of 5 and s?
5
Let p(x) = -x**3 + 6*x**2 - 5*x + 2. Let i be p(5). Suppose k = i*h + 629, -3*k + 4*h = 8*h - 1877. Calculate the greatest common factor of 33 and k.
33
Let m = -275 - -277. Let y(q) = 21*q + 3. Let i be y(m). Calculate the highest common divisor of 15 and i.
15
Let z(p) = -4*p**2 - 2*p + 2. Let h be z(25). Let r be (-4)/30 + h/(-210). Calculate the highest common divisor of 33 and r.
3
Suppose -100 + 10 = -2*x. Let j(m) = m + 30. Suppose 36 = -4*v - 4*y, -2*v + y - 7 = 20. Let w be j(v). What is the greatest common factor of w and x?
9
Suppose 5*p + q = -2*q + 11, 6 = 2*p + 2*q. Calculate the greatest common divisor of p and 272.
1
Let j be (-1206 - -1208) + (0 - (1 + -3509)). What is the highest common factor of 975 and j?
195
Let u(f) = 2*f**3 - 9*f**2 + 7*f + 4. Let x be u(6). Suppose -2 - 6 = y. Let k be (8 - (1 - y))*-22. Calculate the highest common factor of x and k.
22
Let u = -1155 + 1161. Calculate the highest common factor of 1686 and u.
6
Let o be (-8)/4 + 9 + 649. Suppose 16*r - o = 8*r. Suppose -j = 2, 4*h - 95 - 79 = 5*j. What is the highest common factor of h and r?
41
Let k(g) = g**2. Let p(n) = n**3 + n**2 + n + 26. Let i(w) = 3*k(w) + p(w). Let a be i(0). What is the greatest common factor of 39 and a?
13
Let v be ((-118)/6)/((-1)/24). Let n = 1496 - 1437. What is the highest common divisor of n and v?
59
Suppose x = -j + 4, -x = 3*j + x - 13. Suppose 5*n - 5*i - 290 = -0*n, -3*i = -j*n + 294. What is the greatest common divisor of 80 and n?
20
Let p(i) = -2*i**2 + 59*i - 23. Let l be p(29). What is the greatest common divisor of l and 1500?
6
Let z(j) = -j - 1. Let x be z(-4). Let w = 559 + -412. Suppose -4*r = x*i - 151, -3*i - 3*r + 0*r + w = 0. Calculate the highest common factor of i and 30.
15
Let s be (3/30 - (-14995)/50) + -6. Calculate the greatest common divisor of 98 and s.
98
Let i be (20/120)/(6/2628). Calculate the greatest common divisor of 803 and i.
73
Suppose 0 = -29*x - 20 - 125. Let j be (-4)/x + 1743/15. Calculate the greatest common divisor of 63 and j.
9
Let q(l) = 2*l**3 - 9*l**2 - 20*l + 1. Let b be q(6). Let w = -6 - b. Calculate the highest common divisor of 245 and w.
5
Let m be (0 - (-349)/4) + 21/28. Suppose -83*v + m*v = 690. What is the greatest common divisor of 92 and v?
46
Let i be 2*4/(40/5). Let u be ((-4)/i - -11)*4. Suppose 116 = 4*a - u. What is the greatest common factor of a and 90?
18
Let v be 1*(-1 + 0)/(2/(-14)). Suppose -4*k = 5*c - 2356, -208 + 1606 = 3*c + 5*k. Calculate the highest common divisor of c and v.
7
Suppose 13*d + 10 - 88 = 0. Let a be 984/40 - 6/10. Let i = a - 18. What is the highest common factor of i and d?
6
Suppose -7*u + 8*u = 3. Suppose -r - 3*k = -24, u*k = r + 2*k - 44. Suppose -7*s + 6*s = -r. Calculate the greatest common factor of s and 26.
13
Let q = 2403 + -2307. Calculate the highest common divisor of 3216 and q.
48
Suppose -9*l + 2166 + 3576 = 0. Let s = l + -407. Calculate the highest common divisor of 66 and s.
33
Let y(h) = -2*h**3 + 117*h**2 + 38*h + 94. Let m be y(58). Calculate the highest common divisor of m and 38.
38
Let y = 49359 + -32243. What is the highest common factor of y and 88?
44
Let t = 606 + -525. What is the greatest common divisor of 189 and t?
27
Suppose -5*h = -5*x - 245, -2*x - 27 = 5*h - 237. Suppose -4*b = -0*b + 5*u - h, 4*u + 55 = 5*b. Calculate the highest common factor of 176 and b.
11
Let x = 397 - 394. Suppose -2*m = -h + 124, -3*h - 6*m + 408 = -x*m. Calculate the highest common divisor of 220 and h.
44
Suppose 40 = 11*j - 21*j. Let g be ((0 - 4) + j)*-31. What is the highest common divisor of 62 and g?
62
Let t(h) = h**2 - 14*h. Let w be t(14). Suppose 5*c - 2*y - 67 = w, 2*c + 10*y - 50 = 5*y. What is the greatest common factor of 3 and c?
3
Let w = -25326 + 45444. Calculate the greatest common factor of 42 and w.
42
Let r = 3 + 25. Let o(q) = -20*q**3 + q**2 + 9*q + 8. Let g be o(-2). Calculate the greatest common factor of g and r.
14
Let o = 674 - 742. Let t be ((-48)/12)/(o/60 - -1). Calculate the highest common factor of 3 and t.
3
Let s = 36964 + -18302. What is the highest common factor of 217 and s?
217
Let s(b) = b**3 - 4*b**2 - 13*b + 79. Let v be s(8). What is the highest common divisor of 88 and v?
11
Let h(v) = -v**2 + 17*v - 49. Let d be h(11). Suppose 324 = -d*q + 20*q. Calculate the greatest common divisor of q and 60.
12
Let a(d) = d**3 - 14*d**2 - 14*d - 2. Let x be a(15). Suppose 113*u = 116*u - 429. Calculate the highest common factor of u and x.
13
Let h = -9482 + 9806. What is the highest common divisor of h and 513?
27
Let j = -74 - -76. Suppose q = j, -f - 4*q = 2*f - 38. What is the highest common divisor of f and 25?
5
Suppose 3*u = 5*r - 5, 4*u + 19 - 21 = -2*r. Suppose 17*h - 158 - 420 = u. Calculate the greatest common factor of h and 34.
34
Let c(w) = w**3 + 6*w**2 - 5*w - 3. Let s be c(6). Suppose -541 = -7326*q + 7380*q - 1675. Calculate the highest common factor of s and q.
21
Let c(h) = -232*h + 12. Let i be c(-15). Let l be 6/45 - i/(-135). What is the highest common factor of 65 and l?
13
Let f(x) = 52*x - 4764. Let h be f(98). What is the greatest common divisor of h and 10790?
166
Let p = 0 + 2. Let h be (-1)/p + 215/10. Suppose -92*s + 652 = 8. What is the greatest common factor of h and s?
7
Let a = -43 - -196. Let h be (2/(-4))/((-52)/(-9256)). Let y = h + a. What is the greatest common divisor of y and 8?
8
Let w = -16 - -42. Let p(v) = v**2 - 9*v - 123. Let d be p(-9). Calculate the greatest common factor of d and w.
13
Suppose 10*x + 221 = 15*x + 4*b, 3*b = 12. Suppose 0 = 5*m - z + 4*z - x, -m + z = -13. Calculate the highest common factor of 130 and m.
10
Suppose -2*h - 288 = -26*h. Let r be (-2)/(-7) + 1825/7. Let x = r - 129. Calculate the highest common divisor of h and x.
12
Let q = 10419 + -10414. Calculate the highest common factor of 1250 and q.
5
Let z = 17734 - 16502. Calculate the greatest common divisor of z and 144.
16
Let z = -424 + 435. Suppose 3*w = -3*v + 669, 0 = -z*w + 12*w - 2*v - 217. What is the greatest common divisor of 34 and w?
17
Let z(c) = -68*c - 672. Let s be z(-12). What is the highest common divisor of 126 and s?
18
Let o be 10 - (0 - ((-6)/(-2) - 7)). Suppose -o*b + 70 = -5*b. Calculate the greatest common factor of b and 20.
10
Let b = -492 - -635. Calculate the highest common divisor o